04
What is the highest common divisor of 814319 and 1629?
181
Calculate the highest common divisor of 15465 and 34515.
15
Calculate the highest common divisor of 12985 and 143344012.
2597
Calculate the highest common factor of 98889 and 93996.
21
What is the greatest common divisor of 6813760 and 430?
10
Calculate the greatest common factor of 38304 and 8078.
14
Calculate the greatest common factor of 1539536112 and 576.
144
What is the highest common divisor of 22883413 and 92?
23
Calculate the greatest common divisor of 33992725 and 650.
325
Calculate the greatest common divisor of 1566219392 and 256.
128
Calculate the highest common divisor of 8111841 and 55632.
3477
What is the greatest common factor of 14559514 and 1054?
34
What is the highest common divisor of 604920150 and 4050?
4050
Calculate the greatest common factor of 523812 and 34104.
12
What is the highest common divisor of 11799 and 74294370?
3933
What is the highest common factor of 5973338 and 16506?
1834
Calculate the highest common divisor of 4768 and 1041808.
2384
Calculate the highest common divisor of 291270405 and 2445.
2445
What is the greatest common factor of 667539490 and 110?
10
What is the highest common factor of 4171277 and 209?
11
What is the greatest common factor of 181 and 32407145?
181
What is the greatest common divisor of 489 and 1372786?
163
What is the highest common divisor of 45591992 and 296?
296
What is the greatest common divisor of 86539578 and 762?
762
Calculate the greatest common factor of 135 and 305960430.
15
What is the highest common factor of 780 and 21928020?
60
What is the greatest common divisor of 5370454 and 9077?
313
What is the highest common divisor of 400 and 39942608?
16
What is the greatest common divisor of 17543662 and 662?
662
What is the greatest common factor of 3111552 and 1418580?
1332
What is the highest common divisor of 29875 and 73056325?
5975
Calculate the greatest common divisor of 1667435191 and 697.
697
Calculate the greatest common divisor of 234984 and 3336.
24
What is the greatest common factor of 460257 and 72013?
3131
What is the highest common factor of 2513 and 66748511?
359
Calculate the greatest common divisor of 983250 and 54720.
1710
Calculate the highest common divisor of 27376 and 16480.
16
Calculate the greatest common factor of 426964 and 1034092.
2468
Calculate the greatest common factor of 120309348 and 12.
12
What is the greatest common factor of 34150 and 3430?
10
Calculate the highest common divisor of 3189376 and 208.
16
What is the greatest common divisor of 468894960 and 160?
80
Calculate the highest common factor of 186026 and 46436.
94
Calculate the highest common factor of 6953 and 1412277.
409
Calculate the greatest common factor of 414161135 and 173.
173
What is the highest common divisor of 151510332 and 41610?
8322
Calculate the greatest common divisor of 4171713 and 118.
59
What is the highest common factor of 5662 and 7162?
2
What is the highest common divisor of 12 and 5340267?
3
What is the greatest common divisor of 71755321 and 275?
11
Calculate the highest common factor of 12218928 and 176.
16
Calculate the greatest common divisor of 417033 and 11619.
9
Calculate the greatest common divisor of 16432 and 34528688.
1264
What is the greatest common factor of 893 and 370186711?
47
What is the highest common divisor of 862419 and 4944?
309
What is the highest common factor of 327 and 13785339?
327
Calculate the highest common divisor of 15265557 and 45.
9
What is the greatest common factor of 372 and 499908?
12
What is the greatest common factor of 511325 and 335?
5
What is the highest common divisor of 798 and 5086326?
42
What is the highest common factor of 27491834 and 44344?
482
Calculate the greatest common divisor of 156 and 94200522.
78
What is the greatest common divisor of 23828 and 470344?
1036
Calculate the greatest common divisor of 7262190 and 12285.
1755
Calculate the greatest common divisor of 367360498 and 614.
614
What is the greatest common factor of 40 and 146492660?
20
Calculate the highest common divisor of 120250 and 12802.
74
What is the greatest common factor of 209402864 and 88?
88
Calculate the greatest common factor of 1593 and 32964303.
177
What is the greatest common divisor of 1558 and 2231302?
82
Calculate the highest common divisor of 32 and 392507872.
32
What is the greatest common factor of 576 and 121596864?
192
What is the highest common divisor of 2672 and 7938345?
167
What is the greatest common divisor of 6992589 and 8911?
1273
Calculate the greatest common divisor of 114609327 and 42.
21
What is the greatest common divisor of 3676165 and 694790?
5185
What is the highest common divisor of 472342 and 54834?
962
Calculate the greatest common divisor of 221550 and 4850.
50
Calculate the highest common divisor of 10 and 3176010.
10
What is the highest common factor of 1717516750 and 2150?
2150
Calculate the greatest common divisor of 120 and 346835880.
120
Calculate the greatest common divisor of 592 and 77872272.
592
What is the greatest common divisor of 4245 and 90139179?
849
Calculate the greatest common divisor of 37880 and 297911048.
7576
Calculate the greatest common divisor of 24 and 114697.
1
Calculate the greatest common divisor of 378558686 and 748.
374
Calculate the highest common factor of 8715 and 147540.
15
Calculate the highest common divisor of 20695 and 32093806.
4139
Calculate the greatest common divisor of 29408 and 870293.
919
What is the highest common factor of 128806342 and 8932?
406
Calculate the highest common divisor of 407000 and 641432.
3256
Calculate the highest common factor of 22808308 and 548.
548
What is the greatest common divisor of 10 and 149585?
5
Calculate the greatest common factor of 2115 and 684621.
9
Calculate the greatest common divisor of 129 and 20918554.
43
What is the greatest common divisor of 1916792391 and 7401?
7401
What is the highest common factor of 114950840 and 9760?
2440
Calculate the greatest common divisor of 629 and 209679.
37
Calculate the highest common divisor of 3934 and 1959694.
562
What is the greatest common factor of 1459 and 55417197?
1459
Calculate the highest common factor of 24327 and 12123.
27
What is the highest common divisor of 22 and 69602511?
11
What is the highest common factor of 165929118 and 4422?
402
Calculate the highest common factor of 2014182 and 3516102.
2682
What is the highest common factor of 1010048 and 640?
128
What is the greatest common factor of 275 and 7686569?
11
What is the greatest common divisor of 3087574 and 34?
34
Calculate the greatest common factor of 204 and 26325316.
68
What is the highest common divisor of 34958969 and 1466?
733
Calculate the highest common factor of 6074 and 648.
2
What is the greatest common divisor of 84273 and 34728502?
4013
Calculate the greatest common factor of 4378 and 20399291.
2189
Calculate the highest common divisor of 5429 and 787547027.
5429
What is the greatest common factor of 5 and 69062405?
5
What is the greatest common factor of 15782 and 19318?
26
What is the highest common divisor of 4625 and 95127?
37
Calculate the greatest common factor of 7701400 and 60.
20
What is the greatest common factor of 30458241 and 9801?
3267
What is the highest common factor of 390 and 1261299?
39
Calculate the greatest common factor of 2768 and 4111260576.
2768
What is the greatest common factor of 32517 and 29817?
9
Calculate the highest common divisor of 71 and 1086265139.
71
Calculate the greatest common factor of 88903870 and 110.
110
Calculate the greatest common factor of 10924 and 23393746.
5462
What is the highest common divisor of 1636030 and 13310?
110
What is the highest common factor of 620965605 and 390?
195
Calculate the greatest common factor of 19720326 and 48.
6
What is the greatest common factor of 49632 and 123516?
564
Calculate the greatest common divisor of 6074 and 2099.
1
What is the highest common divisor of 2516 and 31568?
4
What is the highest common divisor of 30294 and 93550626?
2754
What is the greatest common divisor of 870649626 and 154?
154
What is the highest common divisor of 590 and 196690?
10
What is the highest common divisor of 250489950 and 150?
150
What is the greatest common div